{"version":"1.0","provider_name":"\ud83d\udea8\ud83d\udea8\ud83d\udea8 Staging!!! Clinical Diagnostics \ud83d\udea8\ud83d\udea8\ud83d\udea8","provider_url":"https:\/\/devclinical.r-biopharm.com\/de\/","author_name":"Janine Dege","author_url":"https:\/\/devclinical.r-biopharm.com\/de\/news\/author\/janinedege\/","title":"Typ I-Allergien - \ud83d\udea8\ud83d\udea8\ud83d\udea8 Staging!!! Clinical Diagnostics \ud83d\udea8\ud83d\udea8\ud83d\udea8","type":"rich","width":600,"height":338,"html":"<blockquote class=\"wp-embedded-content\" data-secret=\"he9VOMHLt6\"><a href=\"https:\/\/devclinical.r-biopharm.com\/de\/diagnostik\/allergologie\/typ-i-allergien\/\">Typ I-Allergien<\/a><\/blockquote><iframe sandbox=\"allow-scripts\" security=\"restricted\" src=\"https:\/\/devclinical.r-biopharm.com\/de\/diagnostik\/allergologie\/typ-i-allergien\/embed\/#?secret=he9VOMHLt6\" width=\"600\" height=\"338\" title=\"&#8222;Typ I-Allergien&#8220; &#8211; \ud83d\udea8\ud83d\udea8\ud83d\udea8 Staging!!! Clinical Diagnostics \ud83d\udea8\ud83d\udea8\ud83d\udea8\" data-secret=\"he9VOMHLt6\" frameborder=\"0\" marginwidth=\"0\" marginheight=\"0\" scrolling=\"no\" class=\"wp-embedded-content\"><\/iframe><script type=\"text\/javascript\">\n\/* <![CDATA[ *\/\n\/*! This file is auto-generated *\/\n!function(d,l){\"use strict\";l.querySelector&&d.addEventListener&&\"undefined\"!=typeof URL&&(d.wp=d.wp||{},d.wp.receiveEmbedMessage||(d.wp.receiveEmbedMessage=function(e){var t=e.data;if((t||t.secret||t.message||t.value)&&!\/[^a-zA-Z0-9]\/.test(t.secret)){for(var s,r,n,a=l.querySelectorAll('iframe[data-secret=\"'+t.secret+'\"]'),o=l.querySelectorAll('blockquote[data-secret=\"'+t.secret+'\"]'),c=new RegExp(\"^https?:$\",\"i\"),i=0;i<o.length;i++)o[i].style.display=\"none\";for(i=0;i<a.length;i++)s=a[i],e.source===s.contentWindow&&(s.removeAttribute(\"style\"),\"height\"===t.message?(1e3<(r=parseInt(t.value,10))?r=1e3:~~r<200&&(r=200),s.height=r):\"link\"===t.message&&(r=new URL(s.getAttribute(\"src\")),n=new URL(t.value),c.test(n.protocol))&&n.host===r.host&&l.activeElement===s&&(d.top.location.href=t.value))}},d.addEventListener(\"message\",d.wp.receiveEmbedMessage,!1),l.addEventListener(\"DOMContentLoaded\",function(){for(var e,t,s=l.querySelectorAll(\"iframe.wp-embedded-content\"),r=0;r<s.length;r++)(t=(e=s[r]).getAttribute(\"data-secret\"))||(t=Math.random().toString(36).substring(2,12),e.src+=\"#?secret=\"+t,e.setAttribute(\"data-secret\",t)),e.contentWindow.postMessage({message:\"ready\",secret:t},\"*\")},!1)))}(window,document);\n\/* ]]> *\/\n<\/script>\n","description":"[mk_page_section padding_top=&#8220;30&#8243; padding_bottom=&#8220;30&#8243; sidebar=&#8220;sidebar-1&#8243;][vc_column width=&#8220;2\/3&#8243;][vc_column_text] Die Verbreitung von Allergien nimmt weltweit zu. Man geht davon aus, dass allein in Europa 15\u00a0% der Bev\u00f6lkerung betroffen ist. Allergiespezifische Labortests sind heutzutage unabdingbare Instrumente f\u00fcr die Diagnose von Allergien. Patienten weisen h\u00e4ufig eine gro\u00dfe Bandbreite verschiedener Symptome und Sensibilisierungsmuster gegen\u00fcber mehreren Allergenen auf. Es ist notwendig, das Blut [&hellip;]"}

[mk_page_section padding_top=&#8220;30&#8243; padding_bottom=&#8220;30&#8243; sidebar=&#8220;sidebar-1&#8243;][vc_column width=&#8220;2/3&#8243;][vc_column_text] Die Verbreitung von Allergien nimmt weltweit zu. Man geht davon aus, dass allein in Europa 15 % der Bevölkerung betroffen ist. Allergiespezifische Labortests sind heutzutage unabdingbare Instrumente für die Diagnose von Allergien. Patienten weisen häufig eine große Bandbreite verschiedener Symptome und Sensibilisierungsmuster gegenüber mehreren Allergenen auf. Es ist notwendig, das Blut [&hellip;]
