{"version":"1.0","provider_name":"\ud83d\udea8\ud83d\udea8\ud83d\udea8 Staging!!! Clinical Diagnostics \ud83d\udea8\ud83d\udea8\ud83d\udea8","provider_url":"https:\/\/devclinical.r-biopharm.com\/de\/","author_name":"Janine Dege","author_url":"https:\/\/devclinical.r-biopharm.com\/de\/news\/author\/janinedege\/","title":"R-Biopharm auf der MEDICA - \ud83d\udea8\ud83d\udea8\ud83d\udea8 Staging!!! Clinical Diagnostics \ud83d\udea8\ud83d\udea8\ud83d\udea8","type":"rich","width":600,"height":338,"html":"<blockquote class=\"wp-embedded-content\" data-secret=\"mazFlRjQe1\"><a href=\"https:\/\/devclinical.r-biopharm.com\/de\/news\/r-biopharm-auf-der-medica\/\">R-Biopharm auf der MEDICA<\/a><\/blockquote><iframe sandbox=\"allow-scripts\" security=\"restricted\" src=\"https:\/\/devclinical.r-biopharm.com\/de\/news\/r-biopharm-auf-der-medica\/embed\/#?secret=mazFlRjQe1\" width=\"600\" height=\"338\" title=\"&#8222;R-Biopharm auf der MEDICA&#8220; &#8211; \ud83d\udea8\ud83d\udea8\ud83d\udea8 Staging!!! Clinical Diagnostics \ud83d\udea8\ud83d\udea8\ud83d\udea8\" data-secret=\"mazFlRjQe1\" frameborder=\"0\" marginwidth=\"0\" marginheight=\"0\" scrolling=\"no\" class=\"wp-embedded-content\"><\/iframe><script type=\"text\/javascript\">\n\/* <![CDATA[ *\/\n\/*! This file is auto-generated *\/\n!function(d,l){\"use strict\";l.querySelector&&d.addEventListener&&\"undefined\"!=typeof URL&&(d.wp=d.wp||{},d.wp.receiveEmbedMessage||(d.wp.receiveEmbedMessage=function(e){var t=e.data;if((t||t.secret||t.message||t.value)&&!\/[^a-zA-Z0-9]\/.test(t.secret)){for(var s,r,n,a=l.querySelectorAll('iframe[data-secret=\"'+t.secret+'\"]'),o=l.querySelectorAll('blockquote[data-secret=\"'+t.secret+'\"]'),c=new RegExp(\"^https?:$\",\"i\"),i=0;i<o.length;i++)o[i].style.display=\"none\";for(i=0;i<a.length;i++)s=a[i],e.source===s.contentWindow&&(s.removeAttribute(\"style\"),\"height\"===t.message?(1e3<(r=parseInt(t.value,10))?r=1e3:~~r<200&&(r=200),s.height=r):\"link\"===t.message&&(r=new URL(s.getAttribute(\"src\")),n=new URL(t.value),c.test(n.protocol))&&n.host===r.host&&l.activeElement===s&&(d.top.location.href=t.value))}},d.addEventListener(\"message\",d.wp.receiveEmbedMessage,!1),l.addEventListener(\"DOMContentLoaded\",function(){for(var e,t,s=l.querySelectorAll(\"iframe.wp-embedded-content\"),r=0;r<s.length;r++)(t=(e=s[r]).getAttribute(\"data-secret\"))||(t=Math.random().toString(36).substring(2,12),e.src+=\"#?secret=\"+t,e.setAttribute(\"data-secret\",t)),e.contentWindow.postMessage({message:\"ready\",secret:t},\"*\")},!1)))}(window,document);\n\/* ]]> *\/\n<\/script>\n","thumbnail_url":"https:\/\/devclinical.r-biopharm.com\/wp-content\/uploads\/2017\/11\/2017-11_news_website_medica.jpg","thumbnail_width":1438,"thumbnail_height":525,"description":"N\u00e4chste Woche ist es wieder soweit: In D\u00fcsseldorf startet die MEDICA, die weltgr\u00f6\u00dfte Fachmesse f\u00fcr die Medizinbranche. Die MEDICA zieht schon seit mehr als 40 Jahren \u00c4rzte sowie Experten aus Diagnostik, Medizintechnik, Labor, Fachhandel und Industrie aus aller Welt an. In 16 Hallen gibt es auch in diesem Jahr wieder viel Neues zu entdecken. Wir [&hellip;]"}

Nächste Woche ist es wieder soweit: In Düsseldorf startet die MEDICA, die weltgrößte Fachmesse für die Medizinbranche. Die MEDICA zieht schon seit mehr als 40 Jahren Ärzte sowie Experten aus Diagnostik, Medizintechnik, Labor, Fachhandel und Industrie aus aller Welt an. In 16 Hallen gibt es auch in diesem Jahr wieder viel Neues zu entdecken. Wir [&hellip;]
